Let a(c) = -2*t(c) - y(c). What is a(-4)?
4
Suppose 3*j - 3*f - 3 = 0, 5*f + 2 = 4*j - 1. Suppose j*n - n = 0. Let c(w) = -w - 3. Determine c(n).
-3
Let z(g) = 2*g - 3. Let r(s) = -3*s + 6. Suppose -3*k = 0, 3*i - 3 - 6 = -4*k. Let o(f) = i*r(f) + 5*z(f). Calculate o(-3).
0
Let z(d) be the third derivative of d**6/120 + d**5/15 - d**4/12 + d**3 - 36*d**2. Calculate z(-5).
-9
Let l(s) = 7*s - 38 - s**2 - 3*s + 37. Calculate l(5).
-6
Let f(p) = p + 3 - 5 + 6. Let m(d) = -1. Let g(a) = -2*f(a) - 11*m(a). What is g(-4)?
11
Let k(f) be the second derivative of 0 + 0*f**3 + 2*f + 1/6*f**4 + 0*f**2 - 1/20*f**5. Calculate k(1).
1
Let w(d) be the third derivative of -d**6/120 + d**5/60 + d**4/24 + d**3/3 - 20*d**2. Give w(3).
-13
Let s(f) be the second derivative of f**3/3 - f**2/2 + f. Suppose 0*h + 4*h = 4. Let m be 0 + 1 - h - 4. Determine s(m).
-9
Let r(o) = -o**2 - 4*o + 5. Suppose 0 = -4*x - 5*i - 25, 4 = -i + 3. Give r(x).
0
Let h(g) = -g**2 - g. Let r(n) = 5*n**2 + n - 3. Let m(b) = 4*h(b) + r(b). Let i be (-13)/(-2) + 24/(-16). Calculate m(i).
7
Let t be (-90)/(-150) + 2/((-10)/23). Let a(x) = x**3 + 5*x**2 + 5*x + 1. What is a(t)?
-3
Let d(n) = n**3 - 13*n**2 + 12*n + 2. Let z be d(12). Let k(o) = -o**3 + o**2 + 3*o - 1. What is k(z)?
1
Let t be 7/9 - (-10)/45. Let f be 4/2 - (-1 + t). Let q(j) = -j**3 + 1 + 5*j + f - 4*j**2 - 1. Give q(-5).
2
Let a = 27 + -30. Let v(q) = -7*q - 2. What is v(a)?
19
Let z(h) = -55 + 24 + 31 + h. Determine z(-8).
-8
Let c(j) = -j**2 + j. Let m(n) = n + 1. Let y be m(-2). Let i = y + 2. Give c(i).
0
Let c(p) be the third derivative of p**5/15 - p**4/12 - p**3/6 + 3*p**2. Let y be (8/(-16))/((-2)/(-4)). Determine c(y).
5
Let k(p) = p**2 - 5*p - 3. Let t(m) = -3*m + m**2 - 2*m**2 - 4*m - 5. Let c be t(-5). What is k(c)?
-3
Suppose 25 = 4*j + j. Let b(a) = -a + 1. Let g(z) = -4*z + 2. Let s = 8 - 6. Let v(x) = s*g(x) - 10*b(x). What is v(j)?
4
Let a(p) be the second derivative of p**3/6 + 3*p**2/2 + 2*p. Let w(s) = -1 + 2 - 2 + 0. Let k(z) = a(z) + 6*w(z). Give k(2).
-1
Let l(p) = p + 9. Suppose -7*n + 15 = -27. Suppose n*o - 3*o + 15 = 0. What is l(o)?
4
Suppose -3*l + 5*k + 2 = 0, 5*l - 3*k - 17 = -3. Let x(i) = 2*i**3 + 6 - 5*i - 6*i**2 + i**3 - l*i**3. What is x(-5)?
6
Let q(p) = -p**2 + 9*p + 7. Let m be q(8). Suppose -3*i + 4*k = 17, -5*i + 4*k - m = -0. Let w(n) = 10*n**3. Give w(i).
10
Let o(p) = -p**3 - 6*p**2 - 2*p - 6. Let j be o(-6). Let c be 0*((-3)/j + 1). Let a = 1 - c. Let b(s) = 2*s. Calculate b(a).
2
Let x(g) = g**3 - 3*g**2 - 2*g - 4. Let t be x(4). Let q(z) be the first derivative of -z**3/3 + 3*z**2/2 - 2*z + 2. What is q(t)?
-6
Let n be (0 - 3)*(-10)/6. Let a(c) = -c**2 + c - 6 - c + n + c. Determine a(1).
-1
Let l = 30 - 33. Suppose -3*d = -d - 4. Let v(u) = -4 + 3 + u**2 - 2*u**d - 4*u. Determine v(l).
2
Let c(k) = -10*k**2 + 9*k. Let y(z) = z**2 - z. Let w(m) = -c(m) - 6*y(m). Give w(2).
10
Suppose -j - 4*h = -3, 2*h + 9 = 3*j - h. Let l(d) = d - 4. What is l(j)?
-1
Let w(u) = 6*u. Let v = 44 - 45. Calculate w(v).
-6
Let y be (-2)/((-18)/(-54) - 8/6). Let p(k) be the first derivative of -1/4*k**4 - 4*k - 7/2*k**2 - y*k**3 + 2. What is p(-5)?
6
Suppose -11*o + 13*o - 2 = 0. Let k(a) = 18*a**3 - a + 1. Determine k(o).
18
Let m = 34 + -36. Let r(c) = c + 2. Calculate r(m).
0
Suppose 27*x = 22*x - 95. Let v = x + 21. Let q(b) = 4*b - 1. Calculate q(v).
7
Suppose 0 = 5*t - d + 4*d - 6, -3*t - 3*d = -6. Let y(c) = -c - 6. What is y(t)?
-6
Let i(p) = -p + 4. Let q(v) = v - 4. Let o(n) = -6*i(n) - 5*q(n). Let z(d) = d**2 - d - 1. Let c be z(3). What is o(c)?
1
Let w(v) = v + 9. Let y be w(-4). Let o(d) = 2*d + 5. Let h(i) = 2*i + 5. Let k(p) = y*o(p) - 4*h(p). Determine k(-5).
-5
Let i(k) = k**2 + 3*k + 4. Let s(y) = -y**2 - 3*y - 5. Let n(v) = -4*i(v) - 3*s(v). Let j be (-10)/(-3) - 1/3. Let p be 1/3 + (-7)/j. What is n(p)?
1
Let z(y) = y**3 + y**2. Let u be z(-2). Let a(m) = -m**3 - 3*m**2 + 4*m + 3. Give a(u).
3
Let l(g) be the third derivative of g**5/60 + g**4/4 + g**3 - g**2. Suppose -4*j + 4*k - 20 = 0, k = -1 + 2. What is l(j)?
-2
Suppose 0*u - 2 = 5*a - 4*u, -4*u = -12. Let h(k) = 5*k**2 + 9 - 6 - 2*k**a - 2*k**3 - 3*k. Give h(2).
-7
Let a = -5 + 6. Let w(r) = -r + 3*r - a - 2. Suppose -h + 0*c - 4*c = -17, -h = c - 8. Determine w(h).
7
Suppose 15 = 3*o - 5*g, o + 0*g - 4*g - 5 = 0. Let b(h) = h**2 - 4*h - 5. Calculate b(o).
0
Let b(c) = 5*c - 23 - 2*c - 2*c. Let w be b(17). Let t(h) = 2*h + 2. What is t(w)?
-10
Let d(k) = -4 - k**2 + 5*k - 2 + 2. Suppose -3*q = -4*t - 0 + 1, 4*t + 4 = 4*q. What is d(t)?
0
Let m(u) be the third derivative of -u**6/120 - u**5/15 - u**4/12 + u**3/3 - 9*u**2. Let p = 11 - 15. Determine m(p).
10
Suppose -5*f - 36 = f. Let i(t) = t + 3. Give i(f).
-3
Let d(g) be the third derivative of -g**5/60 + g**4/6 + g**3/2 - 7*g**2. Give d(4).
3
Suppose -j + 2 = 3*j - 2*a, -5*j + 2*a = -3. Let m(h) = -h**3 + h**2 + 1. Determine m(j).
1
Let o = 3 - 9. Let d(v) = v**2 + 5*v + 1. Give d(o).
7
Let t(m) = m + 5. Let c be t(-4). Let k(q) be the first derivative of 5*q**2/2 - q - 4. Calculate k(c).
4
Let k(d) = 2*d**2 - 7*d - 5. Let x be k(4). Let z(m) be the second derivative of m**4/4 - m**3/6 + m. Give z(x).
4
Suppose 2*j - 6*j + 4 = 0. Let w be 6/3 + j/(-1). Let s be w - -2 - (-6)/(-3). Let g(i) = -9*i**2 + i. Calculate g(s).
-8
Let u(h) be the first derivative of h**2/2 - 10*h + 1. Let v(i) = -i**3 + 4*i**2 - 2*i + 3. Let n be v(3). Determine u(n).
-4
Let w = 7 + -4. Let u(y) = -y**2 + y - 2. Determine u(w).
-8
Let y(z) = 9*z**3 - 14*z**2 + 3*z + 7. Let v(s) = -5*s**3 + 7*s**2 - s - 4. Let k(j) = -7*v(j) - 4*y(j). What is k(6)?
6
Let h(z) = 6*z. Let m = 16 - 15. Calculate h(m).
6
Suppose 6*p - 68 = 2*p. Suppose -3*y - y - 11 = 5*g, 5*y = -3*g - p. Let h(u) = u**2 + 4*u + 3. What is h(y)?
3
Suppose 0 = -t - 5*z - 2, -2*z + 0 = -3*t + 11. Let q(a) = -a**3 + t*a - 2 - 3*a**2 - 1 + 4*a**2. Determine q(2).
-1
Let m(g) = 3*g**2. Let z(n) = -n**2 - 1. Let c(d) = m(d) + 2*z(d). Give c(3).
7
Let t(j) = 4*j. Let i be t(1). Let f(g) = -g**2 + 3*g - 6. Calculate f(i).
-10
Let a(n) = 9*n + 0*n - 1 - 8*n. Let k(t) = t - 3. Let y be k(0). What is a(y)?
-4
Let j(t) = t**2 - 12*t + 2. Let h be j(12). Let q = -7 + 12. Let n(y) = -q*y + 3 - y**h + y + 3. What is n(-6)?
-6
Let m be -1 - (1 - 1 - 33). Let r be m/(-6) + (-2)/(-6). Let w = 3 + r. Let n(l) = -2*l**2 + l + 1. Calculate n(w).
-9
Suppose 4*h + 2*h = 30. Let d(t) = t**3 - 7*t**2 + 7*t - 2. What is d(h)?
-17
Let z(j) be the first derivative of j**4/4 - 4*j**3/3 + j**2 - 2*j - 12. Give z(4).
6
Let j(d) = 4 - 4*d**2 + 5*d**2 - d + 0*d - 2. Suppose -b + 6 = 2. Suppose -1 = -n - m, -b*n - n - 1 = -m. Give j(n).
2
Let l = -126 + 132. Let s(a) = a - 5. Give s(l).
1
Suppose -2*c = -1 + 9. Let l be -2*(-1 - 6/c). Let b(h) = -2*h**2 - 13*h + 9. Let p(u) = u**2 + 7*u - 5. Let a(d) = 6*b(d) + 11*p(d). Determine a(l).
-1
Let x(f) = f**2 + f - 5. Let d be (-1)/2 - 47/(-2). Let h = 27 - d. Determine x(h).
15
Let z(p) = 3*p + 1. Let d be ((-3)/(-3))/(2/8). Suppose 3*c - 1 = -d*k, 4*c - 5*k - 29 = -7. Give z(c).
10
Let c(d) = -d**2 - 7*d - 2. Let o be c(-6). Let y(b) = -b**3 - 6*b**2 + 7*b + 2. Let h be y(-7). Let s(x) = -x**3 + 2*x**3 - 4*x**2 + h + x + 1. Give s(o).
7
Let q(r) = r**2 - 6*r. Suppose -3*l - 30 = 4*d, -3*d + 2*d + 50 = -5*l. Let i = -7 - l. Calculate q(i).
-9
Suppose -2*d - 13 = -3*g + 2, 5*g - 25 = -5*d. Let y(i) = -5*i - 10. Let c(r) = -7 - 9*r - 8 - 4. Let f(b) = 4*c(b) - 7*y(b). What is f(d)?
-6
Suppose -8*k + 3*k + 2*n - 22 = 0, -11 = 4*k + 5*n. Let s(o) be the second derivative of o**3/3 + 5*o**2/2 - o. Give s(k).
-3
Let k(v) be the second derivative of -v**5/20 - v**4/12 + v**3/6 - 2*v**2 - 5*v. Determine k(0).
-4
Let s(g) be the first derivative of -4/3*g**3 + g**2 + 3 + 1/4*g**4 - 3*g. Give s(4).
5
Suppose -b + 1 = -0*a - a, -2*a - 2*b + 10 = 0. Suppose 0 = -a*j + 2 - 4. Let k(r) = 8*r. Give k(j).
-8
Let r(i) = 4*i**3 + 2 - 2*i**3 - 8*i**3 - 1. Determine r(-1).
7
Let r(d) = -3*d + 32. Let a be r(11). Let k(w) = -3*w**2 - w - 1. Give k(a).
-3
Let z(c) be the first derivative of c**4/4 + 2*c**3/3 - c**2/2 - 1. Let v(a) = -a + 1. Let h be v(-1). Suppose h*w + 1 = -f, 2*f = f + 3*w - 6. What is z(f)?
-6
Let d(k) = 2*k + 2. Su